ommon divisor of 26752284 and 192.
12
What is the greatest common factor of 1984 and 144738752?
1984
What is the greatest common divisor of 58 and 1671154?
58
What is the greatest common divisor of 159176 and 26736?
8
Calculate the greatest common factor of 3892910 and 46018.
266
What is the highest common factor of 1918 and 594415052?
1918
What is the greatest common divisor of 35347 and 748982?
13
What is the highest common divisor of 8576307 and 14276?
3569
Calculate the greatest common divisor of 2473496 and 304.
152
Calculate the greatest common divisor of 78495407 and 97.
97
Calculate the greatest common factor of 315 and 1203195.
105
What is the greatest common factor of 2239788287 and 121?
121
Calculate the greatest common divisor of 71857 and 28981.
397
Calculate the highest common factor of 23055855 and 237172.
4561
What is the greatest common factor of 350 and 219167900?
350
What is the greatest common divisor of 850825 and 100?
25
Calculate the greatest common factor of 5673708 and 2320317.
8199
What is the highest common factor of 28126908 and 612?
612
Calculate the greatest common divisor of 14972 and 46873.
19
What is the greatest common factor of 2538610 and 716130?
1090
What is the greatest common divisor of 36 and 9196332?
12
Calculate the highest common divisor of 650048 and 1168.
16
What is the highest common factor of 16224281 and 142?
71
Calculate the greatest common divisor of 412 and 1112759779.
103
What is the greatest common factor of 49155 and 28803135?
1695
What is the greatest common factor of 180 and 11410680?
60
Calculate the greatest common divisor of 67 and 3559777.
67
Calculate the greatest common divisor of 2265 and 542085.
15
What is the highest common divisor of 38 and 72093429?
19
What is the highest common factor of 103393950 and 1122?
66
Calculate the highest common factor of 12 and 3539908.
4
Calculate the highest common factor of 11108300 and 175420.
980
What is the highest common factor of 38999 and 184906?
59
What is the highest common factor of 57360715 and 63042?
1501
What is the greatest common factor of 171121922 and 62?
62
What is the greatest common divisor of 9578624 and 1408?
1408
Calculate the greatest common factor of 4428 and 880895250.
2214
Calculate the highest common divisor of 1078794990 and 4186.
4186
Calculate the highest common factor of 873 and 1310761.
97
Calculate the greatest common factor of 9729680 and 460.
20
Calculate the greatest common factor of 685 and 731262845.
685
What is the highest common factor of 18149741 and 86?
43
Calculate the highest common divisor of 45998257 and 635.
127
Calculate the highest common factor of 21198850 and 1000.
50
Calculate the greatest common factor of 662 and 377209586.
662
What is the greatest common factor of 135 and 122013?
27
Calculate the highest common divisor of 2685 and 39584060.
895
What is the greatest common factor of 9 and 1245231?
9
Calculate the greatest common divisor of 1090 and 14610578.
218
What is the greatest common divisor of 329544 and 163379?
199
Calculate the highest common factor of 9226275 and 150.
75
What is the greatest common factor of 968 and 720597592?
968
What is the greatest common divisor of 12623 and 66040?
13
Calculate the highest common divisor of 1524 and 457270612.
508
Calculate the highest common divisor of 4239172 and 82012.
2828
Calculate the highest common divisor of 33467700 and 18600.
300
What is the greatest common factor of 29381166 and 27?
9
What is the highest common divisor of 548153333 and 182?
91
Calculate the highest common factor of 261047 and 6970.
41
Calculate the highest common divisor of 367135 and 247955.
505
Calculate the highest common divisor of 13570414 and 122590.
598
Calculate the highest common factor of 3974 and 130714795.
1987
What is the greatest common divisor of 995 and 10821023?
199
Calculate the highest common divisor of 90633204 and 426.
426
Calculate the highest common divisor of 128837094 and 18.
6
What is the highest common factor of 2977144 and 49544?
4504
Calculate the highest common factor of 2896352 and 256.
32
Calculate the highest common factor of 3160 and 7254760.
40
Calculate the highest common factor of 4 and 325444.
4
What is the greatest common divisor of 1066608 and 376934?
1646
Calculate the greatest common factor of 2056797477 and 2331.
2331
Calculate the highest common divisor of 77667 and 663.
3
Calculate the highest common divisor of 177 and 952653.
3
What is the highest common factor of 672 and 1890084?
84
What is the greatest common factor of 599041 and 33940?
1697
What is the highest common divisor of 44140709 and 25214?
1801
Calculate the highest common factor of 6822100 and 125.
25
Calculate the greatest common divisor of 6925 and 3368597.
277
What is the greatest common divisor of 33458460 and 27840?
1740
What is the highest common divisor of 239065 and 8905?
685
Calculate the highest common factor of 3166301 and 34.
17
Calculate the greatest common factor of 76755396 and 652.
652
What is the greatest common divisor of 226632 and 1427242?
2698
Calculate the highest common divisor of 3596 and 7396276.
116
What is the greatest common factor of 71169 and 721?
7
Calculate the highest common divisor of 183440640 and 603.
201
What is the greatest common divisor of 14222678 and 59204?
722
Calculate the highest common divisor of 4018 and 522536.
98
What is the greatest common factor of 7247230 and 30?
10
Calculate the greatest common factor of 198 and 31226976.
198
What is the greatest common divisor of 1258628 and 16911818?
7966
Calculate the highest common divisor of 1956 and 284516.
4
What is the highest common factor of 156 and 276468?
12
What is the highest common divisor of 141699712 and 1792?
896
What is the highest common factor of 11795 and 3104444?
2359
Calculate the greatest common divisor of 9988 and 683540.
44
Calculate the highest common factor of 143426367 and 161.
161
Calculate the greatest common factor of 1720 and 13545344.
344
Calculate the greatest common divisor of 17621668 and 8.
4
Calculate the greatest common divisor of 5297022 and 30.
6
Calculate the greatest common divisor of 13860 and 933156.
252
What is the greatest common factor of 818368 and 456?
152
Calculate the greatest common factor of 55 and 1878887945.
55
Calculate the highest common divisor of 590 and 1042310.
10
What is the greatest common factor of 3483 and 1793664?
81
Calculate the greatest common factor of 16593 and 51771.
3
Calculate the greatest common factor of 980 and 236572.
196
Calculate the greatest common factor of 26 and 461277089.
13
What is the highest common factor of 2557174 and 2074?
34
Calculate the greatest common factor of 2121 and 19888743.
21
Calculate the greatest common factor of 107644 and 9811434.
3166
Calculate the highest common factor of 118 and 294902.
2
What is the highest common divisor of 25680 and 5685980?
2140
Calculate the highest common divisor of 25462582 and 239.
239
Calculate the greatest common divisor of 6 and 44750418.
6
What is the greatest common divisor of 3 and 399930249?
3
What is the highest common factor of 71731884 and 294?
294
Calculate the greatest common factor of 3149 and 767604.
47
What is the highest common divisor of 1056856 and 32232?
136
Calculate the greatest common divisor of 26 and 25325430.
26
What is the highest common divisor of 56658 and 17466?
426
What is the highest common factor of 2153677 and 30448?
173
What is the highest common factor of 159040218 and 66?
6
Calculate the highest common divisor of 26354767 and 703.
703
What is the greatest common divisor of 168 and 44552808?
24
Calculate the highest common divisor of 25878557 and 1592.
199
Calculate the greatest common divisor of 205239 and 5106.
111
What is the greatest common factor of 4128 and 2543232?
96
Calculate the highest common factor of 2679156 and 588.
12
What is the highest common factor of 16989 and 1014253008?
2427
Calculate the highest common factor of 759964 and 18817.
607
Calculate the highest common factor of 396707168 and 2574.
286
Calculate the highest common divisor of 1268099 and 21.
7
What is the highest common factor of 13357 and 1349?
19
Calculate the highest common factor of 13 and 35812231.
13
Calculate the hig